 units digit of h(67)?
4
Let c be (-8)/((-4 - -5)*-2). Suppose 7*o - c*o - 357 = 0. Suppose 0 = 2*k + 4*l + 27 - o, 0 = 4*l - 12. What is the units digit of k?
0
What is the tens digit of ((-3018)/(-15))/(60/11850)?
3
Let v(o) = -o**2 - 291*o + 4. What is the hundreds digit of v(-20)?
4
Suppose 9*x - 7*x - 18 = 0. Let c(s) = -4*s - 5*s + 35 + 8*s. What is the tens digit of c(x)?
2
Suppose -89*k = -85*k + 2516. Let n = k - -1144. What is the hundreds digit of n?
5
Let j(i) = -i**3 - 10*i**2 - 15*i - 12. Suppose 6*t - 18 = -78. Let d be j(t). Suppose -2*x - 2*g = -d, 5*g - 54 + 1 = -x. What is the units digit of x?
3
Let s(a) = -a**2 + 6*a + 117. Let g(p) = 9*p + 175. Let w be g(-18). What is the units digit of s(w)?
6
Let r = 699 + 4874. What is the units digit of r?
3
Let u(a) = 205*a**2 + 659*a - 93. What is the tens digit of u(-20)?
2
What is the tens digit of (-155532)/(-19) - 516/(-4902)?
8
Suppose -5802524 = -134*v + 1146984. What is the thousands digit of v?
1
Suppose 7264 = -33*d + 241003. What is the thousands digit of d?
7
Let q(h) be the first derivative of -h**4/4 + h**3/3 + h**2 + 18. Let m be q(2). Suppose m = 2*z - 138 - 190. What is the units digit of z?
4
Suppose 2*f = 122*t - 117*t - 23743, 0 = -2*t + f + 9497. What is the units digit of t?
9
Let x(t) = 5*t + 36. Let q be x(-6). Let m be (-4710)/(-54) + 4/(-18). Suppose -m = -q*d + 249. What is the units digit of d?
6
Suppose -2*t + 3*p = -27335 + 7895, 0 = 5*t - 5*p - 48610. What is the thousands digit of t?
9
Suppose 12*g = 11*g + 3. Suppose 2*f = -0*m + m - 55, g*m = -3*f - 105. Let d = 192 + f. What is the hundreds digit of d?
1
Let a(q) = -q**2 - 3*q + 27. Let o be a(4). Let l(y) = 184*y**3 + 4*y**2 + 3*y. Let z be l(o). Let k = z + 309. What is the units digit of k?
6
Suppose -m - 3*z = -2143 - 32, -4*m = -z - 8739. What is the hundreds digit of 6/(-30) - (-5)/(100/m)?
1
Let r(n) = -n + 5*n - 13*n**2 - 10*n**2 + 6 + 25*n**2. What is the hundreds digit of r(12)?
3
Suppose 2*c - 1260 = -2*t, -5*c = -3*t + 893 + 1013. Let z = t + -22. What is the units digit of z?
0
Suppose -a + 5*d - d + 34 = 0, 5*a - 2*d - 80 = 0. Suppose -a*t - 948 = -16*t. What is the tens digit of t?
7
Suppose -12*b + 3*b + 122048 = -5*b. What is the hundreds digit of b?
5
Let c(z) = -328*z - 2084. What is the tens digit of c(-22)?
3
Let y = 79705 - 23896. What is the thousands digit of y?
5
What is the ten thousands digit of (-168)/210 - 6*(-608264)/80?
4
Let d be ((-4)/(-24)*2)/(1/(-3)). Let s(k) = 2*k**2 - 6*k - 7. Let y be s(d). What is the tens digit of (46/8*y)/(5/60)?
6
Suppose 0 = -6*j - 45 + 3. Let k(z) = -7*z**2 - 7*z. Let t(i) = 14*i**2 + 15*i - 1. Let y(u) = j*k(u) - 3*t(u). What is the units digit of y(-2)?
3
Let a(m) = 784*m**3 + m**2. Let t be a(-1). What is the units digit of ((-2)/1 - t) + (-32)/(-8)?
5
Let y = -154 - -171. Suppose -2*h - y = -659. What is the tens digit of h?
2
Suppose -46*s = -5*n - 50*s + 212508, -2*s = -2*n + 84996. What is the tens digit of n?
0
Let l = -16 + 19. Let t(q) = -7*q + 4*q - 6*q + 3*q + q**l. What is the units digit of t(4)?
0
Let a be 1146/15 - 9/(-15). Let z be (4/(-8))/((-2)/100). Let y = z + a. What is the units digit of y?
2
Let y(i) = i**2 - 3*i + 2. Let s be y(2). Let c be (-1 + s)/((-2)/(-54)). What is the units digit of (3/(-1))/(c/99)?
1
Let n(w) = 65*w**2 + 44*w - 309. What is the thousands digit of n(6)?
2
Let z be (-4)/(-6) + 24/(-36). Suppose 4*l - 241 = 3*x, 2*l + 4*x - 2*x - 138 = z. Suppose s = -5*t + l, -3*s + 12 = -3*t - 270. What is the units digit of s?
9
Let w be -12*(-1086)/198 + (-4)/(-22). What is the tens digit of -2*(-5)/(-110) - (-12678)/w?
9
Let n(g) = 1378*g**2 + 815*g + 6. What is the thousands digit of n(-3)?
9
Let i = 27 + -24. Suppose 5*c - 1209 = 2*c - 2*v, -i*c + 2*v + 1221 = 0. Suppose -3*u + c - 33 = 0. What is the units digit of u?
4
Let v(s) = 901*s**2 - 86*s + 487. What is the hundreds digit of v(7)?
0
Let m(d) = 9*d + 233. Let n be m(-23). Suppose -72*q + 22816 = -n*q. What is the tens digit of q?
9
Let s(w) = 6*w**3 + 117*w**2 + 34*w - 9. What is the tens digit of s(-18)?
9
Let l(q) = -61*q - 14. Let f(s) = -31*s - 5. Let o(n) = 7*f(n) - 3*l(n). Let x be ((-1)/(-1))/((-2)/4). What is the units digit of o(x)?
5
Let i(s) = 16*s**2 - 10 - 1 + s - 2*s**3 + 3*s. Let r(m) = -3*m**3 - 4*m**2 - 2*m + 7. Let f be r(0). What is the tens digit of i(f)?
1
Suppose 0 = 7*v - 432 + 376. Suppose -4*s - 3*g + 289 + 2819 = 0, 0 = 2*g + v. What is the tens digit of s?
8
Suppose 323*w = 327*w - 29964. What is the thousands digit of w?
7
Let q(s) = -3*s - 36. Let g be q(-12). Suppose 0*y - 4*n + 20 = -4*y, -n + 5 = g. What is the hundreds digit of (y - -358)*7/14?
1
Suppose 30*c + 75504 = 70*c - 27*c. What is the thousands digit of c?
5
Suppose -26 = -10*n + 4. What is the units digit of 20/(-30) - (-941)/n?
3
What is the thousands digit of 7170 + 18*1/(14/(-7))?
7
Let n = -339 - -625. Suppose -w = -4*t - 288, 4*w - 3*w = 2*t + n. What is the tens digit of w?
8
Let d(z) = 60*z**2 - 8*z + 2. Let w = -2 - 2. Let y be d(w). Suppose 2*h + 5*h = y. What is the hundreds digit of h?
1
Let c(v) = -1489*v + 3480. What is the ten thousands digit of c(-36)?
5
Let a = 4100 + -166. What is the hundreds digit of a?
9
Let b be (-30)/(-9)*(-6)/(-4). Suppose -b*j = 5, 3*v + 207 = -2*j + 1039. Let l = v - 151. What is the hundreds digit of l?
1
Suppose 5 = 5*k + v, 0*v = 4*k - 4*v + 20. Suppose -4*u - 798 - 26 = -5*m, k = -2*m - 5*u + 323. Suppose m = 18*z - 16*z. What is the units digit of z?
2
Let r be ((-6)/(-10))/(4/(-20)). What is the units digit of (-10)/r*((-1287)/(-15) - -3)?
6
Let j = 23099 - 16363. What is the hundreds digit of j?
7
Suppose -7*l + 21 + 371 = 0. Let q(u) = -18*u**3 - 2*u**2 + 2*u + 1. Let b be q(-3). Suppose 2*i - l = -w + 30, -5*w + i = -b. What is the units digit of w?
2
Let i be 172/(-16) + (-6)/(-8). Let z = 309 + -207. Let f = z - i. What is the hundreds digit of f?
1
Let x(q) = -19*q - 55. Let b be x(-3). Suppose -396 = -b*c + 152. What is the hundreds digit of c?
2
Suppose 2*u - 3*u - 196 = 0. Let g be (-18)/(-2) + 32 + 291. Let v = u + g. What is the hundreds digit of v?
1
Suppose 806 = 8*u - 10. Suppose 0 = -12*c + 42 + u. Suppose -585 = -c*x + 327. What is the tens digit of x?
7
Let j be 37/(-3) + 4/12. Let f(k) be the third derivative of k**6/120 + 7*k**5/30 + 5*k**4/8 - 4*k**3 - 7*k**2. What is the tens digit of f(j)?
8
Let j(o) = o**3 - 6*o**2 - 11*o + 17. Let z be j(8). Let g = 63 - z. What is the tens digit of 7/21 - (-142)/g?
2
Let y be (3 + -3)/(-1) - -7. Suppose a = y*a. Suppose a = o + 5*o - 336. What is the tens digit of o?
5
Suppose -2*x + 0*x + 4 = 0, f - 13 = x. Suppose f*q - q = 7462. What is the tens digit of q?
3
Let t = -10594 - -18488. What is the thousands digit of t?
7
Let b = 6822 - -2605. What is the units digit of b?
7
Suppose 51 = 5*j + 21. Let t(s) = 2 + 0*s**3 - 4*s**2 - 5*s + j*s**2 + 2*s**3 + 0. What is the units digit of t(3)?
9
Suppose 27 = 2*d + 7*d. Suppose 5*z = -3*v + 211, 0 = -4*v - d*z - 0*z + 263. What is the tens digit of (0 - -3) + -1 + v?
6
Let v(l) = 16*l + 3. Let f be v(1). Suppose t - 3*g + 4*g - f = 0, -3*t + 25 = -5*g. Suppose 5*k = t, 0 = -3*z - k - k + 546. What is the hundreds digit of z?
1
Suppose -749 + 205 = -4*c. Suppose -2*k + y + 2 = 0, -y = 3*k - 8 - 0. Suppose -132 = 3*i - 5*i - 4*w, -k*i = 5*w - c. What is the tens digit of i?
5
Suppose 165 = -5*f - 55. Let j = 47 + f. What is the tens digit of (-35)/(-10)*j*4?
4
What is the tens digit of 3*(-17)/(-85)*38290/6?
2
Let m = 16 - 19. Let d be ((-10)/m)/(1/(-201)). What is the units digit of d/(-8) + (-6)/(-24)?
4
Let m = 119 + -88. Let i = m - 10. What is the units digit of (-2)/(-7) - (-183)/i?
9
Let r(w) = -2*w**2 + 12*w + 43. Let a be r(10). Let l = 94 - a. What is the hundreds digit of l?
1
Let c be 5/((-9)/6 - -4). What is the units digit of (-876)/(-60) + c/5?
5
Let k(h) = 1707*h + 4816. What is the ten thousands digit of k(10)?
2
Let d = 120 - 116. Suppose d*q + 4*q = -q. Suppose -3*y - 3*v + 174 = q, y + 164 = 4*y - 2*v. What is the tens digit of y?
5
Let f = 126 - 126. Suppose f = x - 18 - 1. What is the tens digit of x?
1
Suppose 0 = -2*j + 3*t + 23391, j - 3*t = 13805 - 2114. What is the hundred